False
Does 21 divide 21?
True
Is 19 a factor of 1463?
True
Is 8 a factor of 28776?
True
Is 55838 a multiple of 102?
False
Is 1410 a multiple of 47?
True
Does 51 divide 5151?
True
Is 92 a factor of 342?
False
Does 27 divide 89343?
True
Is 640 even?
True
Does 21 divide 462?
True
Is 4275 a multiple of 9?
True
Is 4196 a multiple of 105?
False
Is 2078 a multiple of 67?
False
Is 9 a factor of 20873?
False
Is 13 a factor of 91?
True
Is 4973 a multiple of 11?
False
Is 671 a multiple of 75?
False
Is 1704 a multiple of 6?
True
Does 33 divide 778?
False
Does 13 divide 647?
False
Is 22 a factor of 18414?
True
Does 8 divide 4002?
False
Is 19 a factor of 101211?
False
Does 88 divide 1792?
False
Is 2637 a multiple of 8?
False
Does 45 divide 126341?
False
Is 5 a factor of 87?
False
Does 20 divide 240?
True
Does 6 divide 1552?
False
Does 359 divide 24412?
True
Is 6357 a multiple of 45?
False
Is 29 a factor of 2697?
True
Is 373 a multiple of 14?
False
Is 576 a multiple of 8?
True
Is 31 a factor of 1316?
False
Does 117 divide 53888?
False
Is 504 a multiple of 14?
True
Does 16 divide 45555?
False
Does 25 divide 1329?
False
Does 19 divide 760?
True
Does 7 divide 7368?
False
Is 12834 a multiple of 93?
True
Is 16 a factor of 10689?
False
Does 59 divide 2360?
True
Is 54 a factor of 9342?
True
Is 42039 a multiple of 50?
False
Does 53 divide 1272?
True
Is 24 a factor of 484?
False
Does 22 divide 9917?
False
Is 19839 a multiple of 17?
True
Is 96 a multiple of 12?
True
Is 10 a factor of 49730?
True
Is 80 a multiple of 11?
False
Is 5 a factor of 19190?
True
Does 11 divide 21609?
False
Is 22 a factor of 44042?
False
Is 2823 a multiple of 44?
False
Is 25 a factor of 212?
False
Is 3 a factor of 675?
True
Does 92 divide 5796?
True
Does 23 divide 7944?
False
Does 41 divide 1167?
False
Is 62528 a multiple of 16?
True
Is 3 a factor of 3488?
False
Does 42 divide 1149?
False
Is 6 a factor of 4665?
False
Is 34 a factor of 1932?
False
Does 16 divide 203367?
False
Does 42 divide 1381?
False
Is 90 a factor of 8938?
False
Is 14 a factor of 2842?
True
Is 20 a factor of 7254?
False
Is 42 a factor of 5418?
True
Is 21 a factor of 826?
False
Does 67 divide 1087?
False
Is 4459 a multiple of 21?
False
Is 5 a factor of 244?
False
Is 3079 a multiple of 104?
False
Does 91 divide 4055?
False
Does 25 divide 2025?
True
Is 75512 a multiple of 55?
False
Is 638 a multiple of 22?
True
Is 5319 a multiple of 9?
True
Is 804 a multiple of 26?
False
Does 16 divide 9180?
False
Does 248 divide 144832?
True
Is 240 a multiple of 13?
False
Is 19 a factor of 855?
True
Is 218 a multiple of 7?
False
Does 14 divide 2590?
True
Does 16 divide 228?
False
Does 49 divide 6519?
False
Is 4 a factor of 244?
True
Is 46 a factor of 1242?
True
Does 14 divide 48460?
False
Is 98 a factor of 30478?
True
Does 14 divide 13146?
True
Is 21 a factor of 3437?
False
Is 125 a multiple of 4?
False
Does 21 divide 5355?
True
Does 175 divide 61663?
False
Is 1562 a multiple of 8?
False
Does 50 divide 31727?
False
Does 13 divide 3172?
True
Does 6 divide 270?
True
Is 202 a factor of 85850?
True
Is 431 a multiple of 22?
False
Is 3 a factor of 184?
False
Does 19 divide 30438?
True
Is 129 a factor of 14668?
False
Is 29 a factor of 950?
False
Is 167 a factor of 11356?
True
Does 41 divide 20948?
False
Does 6 divide 132?
True
Is 4685 a multiple of 11?
False
Does 82 divide 33571?
False
Does 13 divide 2340?
True
Does 77 divide 21021?
True
Does 24 divide 4786?
False
Is 11 a factor of 131965?
False
Is 3094 a multiple of 14?
True
Does 20 divide 57900?
True
Is 3 a factor of 380?
False
Is 15600 a multiple of 50?
True
Is 2466 a multiple of 18?
True
Is 60 a multiple of 12?
True
Is 16819 a multiple of 139?
True
Does 199 divide 35621?
True
Is 3 a factor of 55?
False
Does 8 divide 39976?
True
Is 23087 a multiple of 64?
False
Is 22 a factor of 46079?
False
Is 18 a factor of 214?
False
Is 12 a factor of 324?
True
Does 14 divide 8043?
False
Is 331 a multiple of 10?
False
Does 116 divide 1748?
False
Is 17059 a multiple of 27?
False
Is 17 a factor of 565?
False
Is 3074 a multiple of 29?
True
Is 22 a factor of 850?
False
Is 2337 a multiple of 19?
True
Does 24 divide 648?
True
Does 152 divide 57608?
True
Is 5768 a multiple of 11?
False
Does 29 divide 1574?
False
Does 5 divide 105?
True
Is 4736 a multiple of 64?
True
Does 5 divide 5255?
True
Does 41 divide 9289?
False
Does 6 divide 178?
False
Does 9 divide 19431?
True
Does 11 divide 154?
True
Does 49 divide 2401?
True
Does 27 divide 1981?
False
Is 19959 a multiple of 148?
False
Is 1668 a multiple of 15?
False
Is 703 a multiple of 4?
False
Is 1322 a multiple of 2?
True
Is 47 a factor of 85?
False
Is 10324 a multiple of 89?
True
Is 115 a multiple of 2?
False
Is 107 a factor of 3131?
False
Is 3 a factor of 2726?
False
Is 14241 a multiple of 6?
False
Is 19844 a multiple of 82?
True
Is 11 a factor of 22163?
False
Does 16 divide 710?
False
Does 46 divide 11592?
True
Does 22 divide 198?
True
Does 47 divide 376?
True
Is 18 a factor of 9185?
False
Does 6 divide 424?
False
Does 3 divide 141?
True
Does 5 divide 75?
True
Is 5335 a multiple of 97?
True
Does 18 divide 54?
True
Is 2817 a multiple of 82?
False
Is 470 a multiple of 11?
False
Is 18 a factor of 13284?
True
Does 28 divide 15792?
True
Is 14162 a multiple of 26?
False
Is 4823 a multiple of 53?
True
Is 42 a factor of 3780?
True
Is 15645 a multiple of 13?
False
Is 65 a factor of 1301?
False
Does 3 divide 1041?
True
Is 183 a factor of 16428?
False
Is 48 a multiple of 2?
True
Is 5661 a multiple of 37?
True
Does 14 divide 406?
True
Does 16 divide 1088?
True
Does 4 divide 24?
True
Is 36 a factor of 1344?
False
Does 10 divide 2026?
False
Is 3174 a multiple of 138?
True
Is 3045 a multiple of 27?
False
Is 9 a factor of 1163?
False
Is 6 a factor of 841?
False
Is 16 a factor of 10709?
False
Is 6 a factor of 17916?
True
Does 7 divide 3836?
True
Is 34 a factor of 4352?
True
Is 1025 a multiple of 25?
True
Does 20 divide 154?
False
Does 10 divide 36?
False
Does 20 divide 6280?
True
Is 9065 a multiple of 7?
True
Is 39516 a multiple of 267?
True
Does 19 divide 2947?
False
Is 2439 a multiple of 67?
False
Is 2548 a multiple of 49?
True
Is 11 a factor of 229?
False
Does 132 divide 6072?
True
Is 275 a factor of 6428?
False
Is 7 a factor of 170?
False
Does 13 divide 1559?
False
Is 10594 a multiple of 9?
False
Does 8 divide 1315?
False
Is 9 a factor of 16805?
False
Is 41 a factor of 18122?
True
Is 22 a factor of 531?
False
Does 140 divide 20759?
False
Does 68 divide 136?
True
Is 900 a multiple of 68?
False
Is 41 a factor of 3239?
True
Is 41 a factor of 15949?
True
Is 26 a factor of 156?
True
Does 9 divide 3494?
False
Is 8 a factor of 59305?
False
Is 294 a multiple of 6?
True
Is 482 a multiple of 2?
True
Is 57293 a multiple of 81?
False
Is 1600 a multiple of 40?
True
Does 19 divide 3343?
False
Does 43 divide 55470?
True
Does 45 divide 395?
False
Is 1558 a multiple of 38?
True
Is 34083 a multiple of 63?
True
Does 102 divide 55221?
False
Is 68 a factor of 31756?
True
Is 2790 a multiple of 62?
True
Does 144 divide 13024?
False
Is 1975 a multiple of 19?
False
Does 204 divide 17544?
True
Does 2 divide 303?
False
Is 522 a multiple of 58?
True
Is 16076 a multiple of 32?
False
Is 7128 a multiple of 12?
True
Is 494 a multiple of 55?
False
Does 60 divide 360?
True
Does 7 divide 2414?
False
Does 28 divide 85243?
False
Is 52 a factor of 10914?
False
Is 29809 a multiple of 13?
True
Is 10 a factor of 36450?
True
Does 31 divide 12850?
False
Does 12 divide 1049?
False
Is 16 a factor of 80?
True
Is 15789 a multiple of 57?
True
Is 26956 a multiple of 87?
False
Is 29 a factor of 2732?
False
Is 19 a factor of 6423?
False
Is 10 a factor of 70?
True
Is 1881 a multiple of 57?
True
Does 247 divide 33098?
True
Does 36 divide 13519?
False
Is 963 a multiple of 31?
False
Is 2970 a multiple of 110?
True
Does 142 divide 71710?
True
Is 1873 a multiple of 2?
False
Is 2 a factor of 80?
True
Does 61 divide 1220?
True
Does 24 divide 312?
True
Is 725 a multiple of 8?
False
Is 466 a multiple of 10?
False
Is 12 a factor of 1243?
False
Does 23 divide 80?
False
Is 70 a multiple of 5?
True
Does 9 divide 954?
True
Is 144 a factor of 3600?
True
Is 14 a factor of 308?
True
Is 53 a factor of 416?
False
Does 91 divide 30776?
False
Does 11